 is 1 - -2?
3
In base 15, what is 1 + -d?
-c
In base 10, what is -12 - 2?
-14
In base 7, what is -2 + -1040?
-1042
In base 10, what is -4 + -19?
-23
In base 14, what is 5 + 21?
26
In base 3, what is -2 + 1201021?
1201012
In base 9, what is -17 - -13?
-4
In base 14, what is 11 - 9?
6
In base 3, what is 110 + 100?
210
In base 2, what is 101110110001 - -10?
101110110011
In base 3, what is 0 - -10020?
10020
In base 14, what is -37 - -5?
-32
In base 2, what is -110 + 1100?
110
In base 6, what is -4 - 110?
-114
In base 10, what is -1 + -461?
-462
In base 3, what is 1 - 202220?
-202212
In base 6, what is -313 - -121?
-152
In base 11, what is -4 - -13?
a
In base 11, what is -62 + 66?
4
In base 5, what is -1 - 13434?
-13440
In base 11, what is -165 - 0?
-165
In base 7, what is 14311 - 5?
14303
In base 16, what is 1 + -14?
-13
In base 12, what is -10 - -19a?
18a
In base 14, what is 3 - -18?
1b
In base 16, what is 1 + -f?
-e
In base 4, what is -3220 + -1?
-3221
In base 10, what is -4 + 116?
112
In base 16, what is 9b + -3?
98
In base 16, what is -b - -10?
5
In base 4, what is 10 + 21?
31
In base 6, what is 2 + 240?
242
In base 8, what is 2 - 15676?
-15674
In base 7, what is 12 + -2612?
-2600
In base 16, what is -c3 - 2?
-c5
In base 2, what is 100 + -110110?
-110010
In base 4, what is -200 - 11?
-211
In base 7, what is -121430 - 0?
-121430
In base 12, what is 666 + -4?
662
In base 10, what is 550 + -1?
549
In base 7, what is 26000 - 3?
25664
In base 16, what is 4 - -4b?
4f
In base 2, what is -110101001 - 11?
-110101100
In base 14, what is -16 - -62?
4a
In base 15, what is -e4 - 2?
-e6
In base 5, what is -1002 - -22?
-430
In base 5, what is 1034 - -22?
1111
In base 8, what is -3 + -41?
-44
In base 8, what is -1363 + -4?
-1367
In base 4, what is -10 - -103321?
103311
In base 10, what is -6051 + -5?
-6056
In base 11, what is 0 - 142?
-142
In base 14, what is b2 + 0?
b2
In base 7, what is 2 - 1146?
-1144
In base 6, what is 5 - 244?
-235
In base 3, what is -11010201 + -10?
-11010211
In base 11, what is 3 + 176?
179
In base 8, what is -6 - -211?
203
In base 3, what is 10221 + 102?
11100
In base 8, what is -4 + 0?
-4
In base 12, what is 15 + a7?
100
In base 7, what is -6626 - -4?
-6622
In base 11, what is 155 - 4?
151
In base 11, what is 846 + -3?
843
In base 10, what is 41 + -125?
-84
In base 12, what is 11b - -64?
183
In base 2, what is 1111 - 11010101000?
-11010011001
In base 13, what is -2 + -223?
-225
In base 5, what is -143 + -2?
-200
In base 2, what is -10 + 1110?
1100
In base 6, what is 5 + -13?
-4
In base 3, what is -10112 - -11101?
212
In base 16, what is -5 - e3?
-e8
In base 12, what is 126 + 16?
140
In base 16, what is 1 - 16?
-15
In base 5, what is 301 + 111?
412
In base 14, what is -221 - 0?
-221
In base 7, what is 0 - 2506?
-2506
In base 13, what is -117 + -14?
-12b
In base 4, what is 200 - -1021?
1221
In base 12, what is -5 + 19?
14
In base 13, what is 300 - 3?
2ca
In base 5, what is 3421 + -101?
3320
In base 12, what is 2 - -676?
678
In base 8, what is -4 + 4057?
4053
In base 3, what is 0 - -11001221?
11001221
In base 5, what is 10 + -133?
-123
In base 10, what is -5430 - -3?
-5427
In base 7, what is 3 - 1356?
-1353
In base 2, what is -110110001 - 11?
-110110100
In base 11, what is 3 + 33?
36
In base 7, what is 6546 + -4?
6542
In base 8, what is 3573 + -3?
3570
In base 13, what is -1 - -33c?
33b
In base 9, what is -6 - 131?
-137
In base 10, what is -2 - 329?
-331
In base 14, what is 7 - -89b?
8a4
In base 6, what is 2 - -15011?
15013
In base 3, what is 1 - -101?
102
In base 4, what is -12223322 + 10?
-12223312
In base 8, what is 6 + 3077?
3105
In base 12, what is 70 - 4?
68
In base 8, what is -5 - -5617?
5612
In base 5, what is -32 + 10?
-22
In base 5, what is 1430 + -10?
1420
In base 12, what is -83 - -2a?
-55
In base 10, what is 2 + -2343?
-2341
In base 15, what is -a3 - -1?
-a2
In base 3, what is -11 + 200211?
200200
In base 16, what is -b60 + -5?
-b65
In base 11, what is 792 - 6?
787
In base 7, what is 3 + 15?
21
In base 12, what is 16 - 488?
-472
In base 16, what is 4cd + d?
4da
In base 5, what is -3 + 33203?
33200
In base 9, what is 4 - -1613?
1617
In base 12, what is -193 - -5?
-18a
In base 16, what is 69 + 54?
bd
In base 10, what is 7027 - 5?
7022
In base 15, what is 0 + 8d8?
8d8
In base 11, what is a5 + -3?
a2
In base 5, what is -1 - 11004?
-11010
In base 7, what is 2 + -4304?
-4302
In base 16, what is -3e + 114?
d6
In base 11, what is -13a + 0?
-13a
In base 15, what is -1 - -114?
113
In base 2, what is -10 - 10000?
-10010
In base 14, what is -9d9 - 1?
-9da
In base 13, what is 2 - 4a1?
-49c
In base 13, what is -4 + -28?
-2c
In base 7, what is -31 + 5?
-23
In base 13, what is 0 - 288?
-288
In base 11, what is 21 + 21?
42
In base 6, what is 103411 - -2?
103413
In base 7, what is 63 - 1?
62
In base 7, what is -1 - 62?
-63
In base 15, what is -166b - -2?
-1669
In base 9, what is 1 - 144?
-143
In base 3, what is -21 + -222?
-1020
In base 7, what is -1 + -21?
-22
In base 14, what is -1 - 3a?
-3b
In base 4, what is 3132 + 3?
3201
In base 3, what is -1020 + -12?
-1102
In base 12, what is -4734 - 1?
-4735
In base 11, what is -60 - -3?
-58
In base 10, what is 5 - -37?
42
In base 3, what is -1101000 - -1?
-1100222
In base 16, what is -5 + -3b3?
-3b8
In base 14, what is -5 - 515?
-51a
In base 5, what is 204 + 13?
222
In base 2, what is 1 - -110010001?
110010010
In base 11, what is 0 - 42?
-42
In base 4, what is 203132 + 3?
203201
In base 12, what is 31b4 + 5?
31b9
In base 9, what is -3 - 3?
-6
In base 14, what is -92 + 1?
-91
In base 15, what is c3 - 0?
c3
In base 12, what is 3 + -5ba?
-5b7
In base 15, what is 165 + 3?
168
In base 6, what is 3 - 45350?
-45343
In base 5, what is -13144 - 4?
-13203
In base 9, what is 3 - 8?
-5
In base 13, what is 0 - -156?
156
In base 8, what is 11 - -7?
20
In base 5, what is 1131024 + 3?
1131032
In base 13, what is 28 + -b?
1a
In base 13, what is c3 + -5?
bb
In base 12, what is -255 - 3?
-258
In base 8, what is 105 - 5?
100
In base 13, what is 2 + 16?
18
In base 2, what is 10011 + 1100100?
1110111
In base 13, what is 352 + -3?
34c
In base 15, what is -ab - a?
-b6
In base 2, what is 1 + -1111011?
-1111010
In base 9, what is -4 + 3?
-1
In base 11, what is -258 - 9?
-266
In base 12, what is -128 + 8?
-120
In base 7, what is 2 - 53?
-51
In base 11, what is 4 + -28a9?
-28a5
In base 5, what is 0 - 132?
-132
In base 12, what is 45 - -6?
4b
In base 14, what is -129 + 0?
-129
In base 10, what is 5 - -153?
158
In base 4, what is 30033 - -3?
30102
In base 6, what is 13 - -2532?
2545
In base 2, what is -1000 - 10001110?
-10010110
In base 9, what is 2 + 1026?
1028
In base 3, what is -10 - 11010?
-11020
In base 7, what is 21 - -21?
42
In base 3, what is -10 - 120011?
-120021
In base 11, what is -a0 - 5?
-a5
In base 10, what is -110 + -20?
-130
In base 12, what is -a0 - -7?
-95
In base 3, what is -2001 - 200?
-2201
In base 9, what is -1 + 1114?
1113
In base 14, what is -2 - -13?
11
In base 13, what is -55 - -3?
-52
In base 4, what is 3 + -2133?
-2130
In base 14, what is -743 + -2?
-745
In base 14, what is 1 - 148a?
-1489
In base 9, what is -31 + -5?
-36
In base 7, what is 100 + -11?
56
In base 6, what is -10 - -211?
201
In base 14, what is 3 + 868?
86b
In base 2, what is -1 + 101?
100
In base 3, what is -1000 - 100211?
-101211
In base 13, what is -3 - -1ab?
1a8
In base 12, what is -5 - 119?
-122
In base 10, what is -173 + -36?
-209
In base 8, what is -5015 - -3?
-5012
In base 10, what is 11 + 279?
290
In base 14, what is -63 + 63?
0
In base 8, what is 4 - -215?
221
In base 2, what is -101 - 100011001?
-100011110
In base 9, what is -11 - 26?
-37
In base 15, what is -5 + -22?
-27
In base 2, what is -11 - -1001?
110
In base 12, what is 3069 - -2?
306b
In base 13, what is 4b + 9?
57
In base 2, what is -100111011000110 - 100?
-100111011001010
In base 10, what is 5 + 112?
117
In base 14, what is -a3 + 5?
-9c
In base 2, what is -100 - 10011011101?
-10011100001
In base 5, what is -3 - 4342?
-4400
In base 10, what is -449 - 3?
-452
In base 12, what is -9b9 - -3?
-9b6
In base 9, what is 16 - 46?
-30
In base 16, what is 0 + 55?
55
In base 8, what is 5 - -7?
14
In base 5, what is -142 + 230?
33
In base 8, what is 2 - -354?
356
In base 10,